(v) = -44*v + 1673. What is c(38)?
1
Let f(j) = 1300*j - 10392. Give f(8).
8
Let r(j) = -36*j + 462. Give r(12).
30
Let f(g) = -107*g + 57. What is f(0)?
57
Let u(y) = 28*y - 5. What is u(13)?
359
Let d(z) = -14*z**2 - 20*z + 6. What is d(4)?
-298
Let w(z) = -z**3 - 23*z**2 - 26*z - 124. What is w(-22)?
-36
Let j(a) = 29*a - 40. Calculate j(16).
424
Let j(o) = o**2 - 211*o - 1528. Calculate j(-7).
-2
Let s(j) = -j**3 - 26*j**2 + 21*j - 90. Determine s(-27).
72
Let s(g) = -g**2 - 129*g - 3437. Give s(-38).
21
Let f(n) = -72*n + 299. Give f(4).
11
Let a(k) = -k**2 - 5*k + 277. Determine a(14).
11
Let j(w) = 3*w**3 + 80*w**2 + 44*w - 221. Give j(-26).
-13
Let n(v) = 33*v**2 + 18*v - 17. Give n(1).
34
Let y(r) = -13*r - 170. Give y(-11).
-27
Let q(g) = -g**3 - 14*g**2 - 46*g - 25. What is q(-10)?
35
Let o(g) = g**3 + 21*g**2 + 10*g + 502. Determine o(-21).
292
Let q(d) = -d**3 + 68*d**2 - 588*d + 99. What is q(10)?
19
Let d(s) = -24*s - 676. Determine d(-27).
-28
Let q(j) = 15*j - 4. Give q(12).
176
Let r(o) = -42*o + 192. Calculate r(5).
-18
Let w(b) = b**3 + 8*b**2 + 49*b + 671. What is w(-10)?
-19
Let h(z) = z**3 + z**2 - 18*z - 10. Determine h(4).
-2
Let w(h) = h**3 - 31*h**2 + 22*h + 181. Determine w(3).
-5
Let d(r) = 60*r - 237. What is d(5)?
63
Let n(h) = h**2 + 17*h - 647. What is n(-35)?
-17
Let t(k) = 6*k - 62. Give t(7).
-20
Let s(d) = d**3 + 116*d**2 - 149*d - 3741. What is s(-117)?
3
Let p(u) = 9*u**3 - 6*u**2 + 12*u - 10. Determine p(2).
62
Let g(o) = 79*o**3 + 2211*o**2 - 25*o + 85. Calculate g(-28).
1
Let l(v) = -v**3 - 173*v**2 - 52*v - 9003. Calculate l(-173).
-7
Let n(i) = -i**2 + 10*i + 38. Determine n(20).
-162
Let i(s) = -s**3 - 103*s**2 + 6*s + 612. Give i(-103).
-6
Let p(w) = -w**3 + 31*w**2 - 233*w - 11. What is p(18)?
7
Let o(r) = -r**3 - 26*r**2 - 50*r - 44. Calculate o(-24).
4
Let b(g) = -g**2 - 12*g + 10. Calculate b(-6).
46
Let v(c) = 149*c + 57. Give v(-1).
-92
Let i(b) = -b**2 + 4*b + 408. Calculate i(-18).
12
Let f(b) = b**3 - 13*b**2 - 127*b + 1462. Give f(15).
7
Let n(j) = -6*j**3 + 331*j**2 - 57*j + 23. What is n(55)?
-87
Let u(p) = -2*p**3 + 12*p**2 - 4*p - 4. What is u(8)?
-292
Let z(r) = -r**2 + 491*r + 3467. Give z(-7).
-19
Let u(z) = -1015*z - 6128. Calculate u(-6).
-38
Let d(m) = 2*m**3 + 11*m**2 + 54*m - 65. Calculate d(-6).
-425
Let a(q) = -2*q**2 + 19*q - 100. What is a(8)?
-76
Let p(a) = 5*a**2 - 63*a - 34. Calculate p(13).
-8
Let x(o) = 2*o**2 - 7*o - 19. Determine x(-4).
41
Let x(m) = 7*m**2 - 36*m + 23. Calculate x(1).
-6
Let i(b) = 1038*b - 19723. Give i(19).
-1
Let x(v) = 38*v**3 - 345*v**2 + 30*v - 19. What is x(9)?
8
Let l(q) = -37*q**2 + 1996*q + 112. Give l(54).
4
Let r(f) = 6*f**2 + 49*f - 45. Give r(-12).
231
Let n(b) = -b**3 + 17*b**2 - 26*b - 29. Calculate n(15).
31
Let u(h) = -656*h + 14416. What is u(22)?
-16
Let o(s) = -5*s**2 + 393*s - 2053. Give o(73).
-9
Let m(s) = 105*s - 296. Give m(5).
229
Let r(b) = 13*b + 193. Calculate r(-12).
37
Let j(i) = 4111*i - 28787. Give j(7).
-10
Let d(f) = 259*f**2 + 248*f - 3. What is d(-1)?
8
Let q(l) = l**3 + 23*l**2 + 90*l - 52. Calculate q(-18).
-52
Let j(d) = d**2 - 34*d + 25. Determine j(23).
-228
Let x(n) = -6*n**2 - 6*n - 9. Determine x(-10).
-549
Let w(b) = 3*b**2 + 4*b - 90. Give w(0).
-90
Let z(h) = -h**3 + 23*h**2 + 36*h + 340. Give z(25).
-10
Let b(p) = p**3 - 4*p**2 + p + 4. Calculate b(6).
82
Let y(r) = -37*r**2 + 523*r + 12. Calculate y(14).
82
Let m(q) = -q**2 - 53*q + 115. Give m(-55).
5
Let j(r) = -r**3 - 61*r**2 - 102*r - 2161. Calculate j(-60).
359
Let i(n) = -112*n + 4124. Give i(38).
-132
Let b(w) = -w**3 + 11*w**2 + 7*w + 16. Give b(0).
16
Let m(x) = 60*x + 70. Calculate m(-1).
10
Let f(g) = g**3 - 10*g**2 + 14*g + 26. Calculate f(3).
5
Let i(f) = -f**3 - 5*f**2 + 11*f + 6. Determine i(-5).
-49
Let l(b) = b**3 - 21*b**2 + 73*b + 3. Calculate l(4).
23
Let m(t) = -3*t + 109. What is m(-22)?
175
Let m(h) = -h**3 + 9*h**2 + 6*h - 139. Give m(7).
1
Let v(s) = -s**3 - 8*s**2 + 8*s - 4. Give v(-9).
5
Let f(b) = -681*b - 3398. Calculate f(-5).
7
Let j(h) = -3*h**2 + 29*h + 176. What is j(14)?
-6
Let g(q) = -q**3 - 142*q**2 - q - 138. Give g(-142).
4
Let f(h) = h**3 - h**2 - h - 29. Determine f(0).
-29
Let q(l) = l**3 + 16*l**2 - 1955*l + 357. Calculate q(-53).
39
Let f(x) = 11*x - 18. Determine f(7).
59
Let z(x) = 19*x**2 + 165*x + 224. Give z(-7).
0
Let f(k) = 9*k**2 + 71*k + 91. What is f(-8)?
99
Let d(l) = 11931*l + 47718. What is d(-4)?
-6
Let a(v) = 9*v**2 + 37*v - 45. Calculate a(-5).
-5
Let w(o) = -o**2 - 16*o - 7. What is w(-1)?
8
Let y(t) = 8*t + 3. Determine y(-1).
-5
Let g(p) = -10*p - 107. Determine g(-7).
-37
Let f(o) = 4*o**2 - 488*o + 8167. Determine f(20).
7
Let x(a) = -3*a - 194. Give x(-47).
-53
Let t(z) = 589*z - 14131. Determine t(24).
5
Let f(m) = 3*m + 258. What is f(27)?
339
Let y(r) = -48*r + 3853. Give y(80).
13
Let f(i) = i**3 - i**2 + 15*i + 60. Calculate f(-5).
-165
Let w(y) = y**3 - 20*y**2 + 96*y + 11. Give w(8).
11
Let a(y) = -9*y**2 + 3*y + 2. Determine a(2).
-28
Let p(k) = -k**3 + 10*k**2 - 29*k + 100. What is p(8)?
-4
Let o(g) = -24*g**2 + 67*g + 312. Determine o(-5).
-623
Let x(i) = 125*i - 1989. What is x(16)?
11
Let t(d) = -d**3 - 15*d + 27. Determine t(8).
-605
Let n(p) = 3*p**2 - 44*p + 125. Give n(11).
4
Let p(a) = 5*a**2 + 938*a + 570. What is p(-187)?
9
Let v(f) = f + 213. Determine v(-27).
186
Let i(v) = 51*v + 29. Calculate i(-1).
-22
Let c(t) = -3*t**2 + 132*t + 2006. What is c(56)?
-10
Let z(o) = -590*o + 11235. Give z(19).
25
Let c(r) = 139*r**2 - 371*r - 37. Determine c(3).
101
Let h(w) = 18*w - 334. What is h(19)?
8
Let k(z) = -80*z - 1481. Determine k(-18).
-41
Let h(n) = -n**3 + 23*n**2 - 120*n + 296. Calculate h(17).
-10
Let r(s) = 3*s**2 - 131*s + 764. Determine r(37).
24
Let a(j) = -j**2 - 41*j - 325. What is a(-9)?
-37
Let f(k) = -k**2 - 16*k + 38. Calculate f(3).
-19
Let j(q) = 26*q - 908. Determine j(36).
28
Let a(h) = -133*h - 916. What is a(-7)?
15
Let x(u) = -24*u**2 + u. Calculate x(-1).
-25
Let q(h) = -3*h**3 - 10*h**2 - 34*h - 232. Give q(-5).
63
Let z(t) = 168*t - 1200. What is z(7)?
-24
Let b(g) = -2*g**2 + 287*g - 9591. Calculate b(53).
2
Let l(b) = b**3 + 30*b**2 + 130*b + 129. What is l(-25)?
4
Let r(u) = 2*u**3 + 12*u**2 + 55*u + 336. Calculate r(-6).
6
Let p(r) = -r**3 - 367*r**2 + 747*r + 3307. Determine p(-369).
-14
Let m(x) = x**3 - 31*x**2 - 315*x + 112. What is m(39)?
-5
Let a(s) = -4*s**3 - 141*s**2 - 34*s + 21. Determine a(-35).
-14
Let z(g) = -35*g**2 + 14*g + 10. What is z(-1)?
-39
Let c(y) = 454*y + 914. Give c(-2).
6
Let d(x) = -x**3 + 60*x**2 - 322*x - 100. What is d(54)?
8
Let y(h) = 92*h + 1952. What is y(-21)?
20
Let p(f) = -f**3 + 25*f**2 - 71*f - 105. Determine p(20).
475
Let m(a) = -a**3 - 8*a**2 - 17*a - 8. Determine m(-5).
2
Let g(u) = -u**2 - 96*u - 486. What is g(-92)?
-118
Let v(p) = -p**2 - 48*p - 331. Give v(-7).
-44
Let h(f) = f**3 - 13*f**2 + 41*f + 25. What is h(7)?
18
Let a(z) = -34*z - 101. Calculate a(0).
-101
Let d(c) = -18*c - 362. What is d(-20)?
-2
Let q(d) = -d**3 + 60*d**2 - 5*d + 346. Determine q(60).
46
Let n(w) = -21*w + 153. Determine n(14).
-141
Let p(r) = 2*r**2 + 23*r - 33. Give p(0).
-33
Let n(p) = p**3 - 21*p**2 + 49*p - 10. What is n(19)?
199
Let i(j) = -j**2 - 212*j - 878. Give i(-208).
-46
Let m(z) = 298*z + 61. Give m(0).
61
Let u(b) = -8*b**2 + 29*b + 159. Calculate u(-4).
-85
Let j(c) = -2*c**3 + 6*c**2 - 11*c - 6. Give j(3).
-39
Let y(w) = -w**3 + 6*w**2 - 10*w + 2. Determine y(4).
-6
Let z(c) = 902*c - 8121. What is z(9)?
-3
Let v(f) = 5*f**3 + 4*f**2 + 3*f + 4. What is v(-1)?
0
Let f(t) = -2*t**2 + 61*t + 140. Determine f(28).
280
Let y(x) = -28*x**2 - 391*x + 10. What is y(-14)?
-4
Let v(s) = 2*s**2 - 32*s - 43. What is v(0)?
-43
Let h(m) = 7*m**2 - 30*m - 220. Give h(-11).
957
Let a(v) = -v**3 - 11*v**2 - 6*v + 22. What is a(-6)?
-122
Let q(a) = 94*a**3 + 41*a + 42. Give q(-1).
-93
Let d(o) = o**3 - 56*o**2 + 738*o - 55. Give d(35).
50
Let b(z) = 2*z**3 + 101*z**2 - 171*z + 90. What is b(-52)?
870
Let l(i) = 4*i**3 - 657*i**2 + 164*i + 37. Give l(164).
37
Let s(r) = -20*r**2 + 437*r + 62. Determine s(22).
-4
Let s(b) = -b**3 + 7*b - 7. What is s(2)?
-1
Let r(g) = -21*g**2 + 318*g + 636. Determine r(-2).
-8